{"id":86,"date":"2024-03-22T15:14:54","date_gmt":"2024-03-22T18:14:54","guid":{"rendered":"https:\/\/oncomasaje.com\/?page_id=86"},"modified":"2024-03-22T15:46:09","modified_gmt":"2024-03-22T18:46:09","slug":"publicaciones-medicas","status":"publish","type":"page","link":"https:\/\/oncomasaje.com\/?page_id=86","title":{"rendered":"Publicaciones m\u00e9dicas"},"content":{"rendered":"\n<p><\/p>\n\n\n\n<p>EL EFECTO DEL MASAJE SOBRE LA FUNCION INMUNE Y EL ESTRES EN MUJERES CON<\/p>\n\n\n\n<p>CANCER DE MAMA: UN ENSAYO CONTROLADO ALEATORIO.<\/p>\n\n\n\n<p>Billhult A1, Lindholm C, Gunnarsson R, Stener-Victorin E.<\/p>\n\n\n\n<p>Instituto de Neurociencia y Fisiolog\u00eda \/ Fisioterapia, Academia Sahlgrenska de la Universidad de<\/p>\n\n\n\n<p>Gotemburgo, Gotemburgo, Suecia. annika.billhult@vgregion.se<\/p>\n\n\n\n<p><\/p>\n\n\n\n<p class=\"has-xx-large-font-size\"><strong>OBJETIVOS<\/strong><\/p>\n\n\n\n<p>Examinar los efectos a corto plazo del masaje de presi\u00f3n ligera en los linfocitos circulantes<\/p>\n\n\n\n<p>mediante el estudio del n\u00famero y la actividad de las c\u00e9lulas asesinas naturales de sangre perif\u00e9rica<\/p>\n\n\n\n<p>(NK) en pacientes con c\u00e1ncer de mama en comparaci\u00f3n con un grupo de control. Adem\u00e1s, se<\/p>\n\n\n\n<p>estudi\u00f3 el efecto del masaje de presi\u00f3n ligera sobre los niveles de cortisol salival, la frecuencia<\/p>\n\n\n\n<p>card\u00edaca y la presi\u00f3n arterial<\/p>\n\n\n\n<p>Estudio de centro \u00fanico, prospectivo, aleatorizado y controlado.<\/p>\n\n\n\n<p><\/p>\n\n\n\n<p class=\"has-xx-large-font-size\"><strong>M\u00c9TODOS<\/strong><\/p>\n\n\n\n<p>Treinta mujeres, de 50 a 75 a\u00f1os (media 61 sd = 7.2) con c\u00e1ncer de mama sometidas a radioterapia<\/p>\n\n\n\n<p>en un hospital en el suroeste de Suecia se inscribieron en el estudio. Fueron asignados para recibir<\/p>\n\n\n\n<p>un masaje en forma de un tratamiento de masaje de presi\u00f3n ligera en todo el cuerpo, o una visita<\/p>\n\n\n\n<p>de control donde se les prest\u00f3 la misma atenci\u00f3n. Se recogieron muestras de sangre, saliva,<\/p>\n\n\n\n<p>notaci\u00f3n de la frecuencia card\u00edaca y la presi\u00f3n arterial antes y despu\u00e9s de la visita de<\/p>\n\n\n\n<p>masaje\/control. Las diferencias en el cambio a lo largo del tiempo entre los grupos se analizaron<\/p>\n\n\n\n<p>mediante test.<\/p>\n\n\n\n<p><\/p>\n\n\n\n<p class=\"has-xx-large-font-size\"><strong>RESULTADOS<\/strong><\/p>\n\n\n\n<p>El masaje de presi\u00f3n ligera disminuy\u00f3 el deterioro de la actividad de las c\u00e9lulas NK durante la<\/p>\n\n\n\n<p>radioterapia. Adem\u00e1s, redujo la frecuencia card\u00edaca y la presi\u00f3n arterial sist\u00f3lica. No se<\/p>\n\n\n\n<p>demostraron efectos sobre el cortisol y la presi\u00f3n diast\u00f3lica.<\/p>\n\n\n\n<p><\/p>\n\n\n\n<p class=\"has-xx-large-font-size\"><strong>CONCLUSIONES<\/strong><\/p>\n\n\n\n<p>Un solo masaje de presi\u00f3n ligera de cuerpo completo tiene un efecto a corto plazo sobre la<\/p>\n\n\n\n<p>actividad de las c\u00e9lulas NK, la presi\u00f3n arterial sist\u00f3lica y la frecuencia card\u00edaca en pacientes con<\/p>\n\n\n\n<p>c\u00e1ncer de mama. Sin embargo, la importancia cl\u00ednica a largo plazo de estos hallazgos debe<\/p>\n\n\n\n<p>investigarse m\u00e1s a fondo.<\/p>\n\n\n\n<p><a href=\"https:\/\/www.ncbi.nlm.nih.gov\/pubmed\/19376750\">https:\/\/www.ncbi.nlm.nih.gov\/pubmed\/19376750<\/a><\/p>\n\n\n\n<p>LOS LINFOCITOS AUMENTAN EN MUJERES CON CANCER DE MAMA DESPUES DE LA<\/p>\n\n\n\n<p>TERAPIA DE MASAJE.<\/p>\n\n\n\n<p>Hern\u00e1ndez-Reif M1, Campo T, Ironson G, Beutler J, Vera Y, Hurley J, Fletcher MA, Schanberg S, Kuhn<\/p>\n\n\n\n<p>C, Fraser M.<\/p>\n\n\n\n<p>Touch Research Institutes, University of Miami School of Medicine, Miami, FL 33101, EE. UU.<\/p>\n\n\n\n<p>mhernan4@med.miami.edu.<\/p>\n\n\n\n<p><\/p>\n\n\n\n<p class=\"has-xx-large-font-size\"><strong>RESUMEN<\/strong><\/p>\n\n\n\n<p>Las mujeres diagnosticadas con c\u00e1ncer de mama recibieron terapia de masaje o practicaron<\/p>\n\n\n\n<p>relajaci\u00f3n muscular progresiva (PMR) durante sesiones de 30 minutos 3 veces a la semana durante 5 semanas o recibieron el tratamiento est\u00e1ndar. Los grupos de terapia de masaje y relajaci\u00f3n informaron menos depresi\u00f3n, ansiedad y dolor inmediatamente despu\u00e9s de su primera y \u00faltima sesi\u00f3n. Al final del estudio, sin embargo, solo el grupo de terapia de masaje inform\u00f3 que estaba menos deprimido y menos enojado y que ten\u00eda m\u00e1s vigor. Los niveles de dopamina, las c\u00e9lulas NKy los linfocitos tambi\u00e9n aumentaron desde el primer hasta el \u00faltimo d\u00eda del estudio para el grupo de &nbsp;masaje. Estos hallazgos resaltan el beneficio de estas terapias complementarias, m\u00e1s particularmente la terapia de masaje, para mujeres con c\u00e1ncer de mama.<\/p>\n\n\n\n<p><a href=\"https:\/\/www.ncbi.nlm.nih.gov\/pubmed\/15809216\">https:\/\/www.ncbi.nlm.nih.gov\/pubmed\/15809216<\/a><\/p>\n\n\n\n<p>TERAPIA DE MASAE PARA EL CONTRO DE LOS SINTOMAS: ESTUDIO DE RESULTADOS EN<\/p>\n\n\n\n<p>UN IMPORTANTE CONTRO ONCOLOGICO<\/p>\n\n\n\n<p>Cassileth BR1, Vickers AJ.<\/p>\n\n\n\n<p>Servicio de Medicina Integrativa, Memorial Sloan-Kettering Cancer Center, Nueva York, Nueva York<\/p>\n\n\n\n<p>10021, EE. UU.<\/p>\n\n\n\n<p class=\"has-xx-large-font-size\"><strong>RESUMEN<\/strong><\/p>\n\n\n\n<p>El masaje se aplica cada vez m\u00e1s para aliviar los s\u00edntomas en pacientes con c\u00e1ncer. Esta pr\u00e1ctica est\u00e1 respaldada por la evidencia de peque\u00f1os ensayos aleatorios. En el Centro de C\u00e1ncer Memorial Sloan-Kettering, los pacientes informan sobre la gravedad de los s\u00edntomas antes y despu\u00e9s de la terapia de masaje usando escalas de 0-10 de dolor, fatiga, estr\u00e9s \/ ansiedad, n\u00e1useas, depresi\u00f3n y &#8220;otros&#8221;. Se analizaron los cambios en las puntuaciones de los s\u00edntomas y los efectos modificadores del estado del paciente (interno o externo) y el tipo de masaje. Durante un per\u00edodo de tres a\u00f1os, 1.290 pacientes fueron tratados. Las puntuaciones de los s\u00edntomas se redujeron en aproximadamente un 50%, incluso para los pacientes que informaron puntuaciones basales altas.<\/p>\n\n\n\n<p>Los pacientes ambulatorios mejoraron aproximadamente un 10% m\u00e1s que los pacientes<\/p>\n\n\n\n<p>hospitalizados. Los beneficios persistieron, ya que los pacientes ambulatorios no experimentaron ning\u00fan retorno hacia las puntuaciones iniciales durante la duraci\u00f3n del seguimiento de 48 horas.<\/p>\n\n\n\n<p>Estos datos indican que la terapia de masaje est\u00e1 asociada con una mejora sustancial en las<\/p>\n\n\n\n<p>puntuaciones de los s\u00edntomas de los pacientes con c\u00e1ncer.<\/p>\n\n\n\n<p><a href=\"https:\/\/www.ncbi.nlm.nih.gov\/pubmed\/15336336\">https:\/\/www.ncbi.nlm.nih.gov\/pubmed\/15336336<\/a><\/p>\n\n\n\n<p>LAS PACIENTES CON CANCER DE MAMA HAN MEJORADO LAS FUNCIONES INMUNES Y<\/p>\n\n\n\n<p>NEUROENDOCRINAS DESPUES DE LA TERAPIA DE MASAJE.<\/p>\n\n\n\n<p>Hern\u00e1ndez-Reif M1, Ironson G, Field T, Hurley J, Katz G, Diego M, Weiss S, Fletcher MA, Schanberg S,<\/p>\n\n\n\n<p>Kuhn C, Burman I.<\/p>\n\n\n\n<p>Touch Research Institutes, University of Miami School of Medicine, 1601 NW 12th Avenue, Room.<\/p>\n\n\n\n<p><\/p>\n\n\n\n<p class=\"has-xx-large-font-size\"><strong>INFORMES<\/strong><\/p>\n\n\n\n<p>https:\/\/www.masajeoncologico.com\/INFORMES\/ 4\/5<\/p>\n\n\n\n<p><\/p>\n\n\n\n<p class=\"has-xx-large-font-size\"><strong>OBJETIVOS<\/strong><\/p>\n\n\n\n<p>Las mujeres con c\u00e1ncer de mama tienen riesgo de depresi\u00f3n elevada, ansiedad y disminuci\u00f3n del n\u00famero de c\u00e9lulas asesinas naturales (NK). El estr\u00e9s se ha relacionado con un mayor desarrollo tumoral al disminuir la actividad de las c\u00e9lulas NK. Los objetivos de este estudio incluyeron examinar la terapia de masaje para mujeres con c\u00e1ncer de seno para: mejorar el estado de \u00e1nimo y las medidas biol\u00f3gicas asociadas con la mejora del estado de \u00e1nimo<\/p>\n\n\n\n<p>(serotonina, dopamina),reducir el estr\u00e9s y los niveles de hormonas del estr\u00e9s y<\/p>\n\n\n\n<p>aumentar las medidas inmunes.<\/p>\n\n\n\n<p><\/p>\n\n\n\n<p class=\"has-xx-large-font-size\"><strong>M\u00c9TODOS<\/strong><\/p>\n\n\n\n<p>Treinta y cuatro mujeres (edad M = 53) diagnosticadas con c\u00e1ncer de mama en etapa 1 o 2 fueron asignadas aleatoriamente despu\u00e9s de la cirug\u00eda a un grupo de terapia de masaje (para recibir masajes de 30 minutos tres veces por semana durante 5 semanas) o un grupo de control. El masaje consisti\u00f3 en acariciar, apretar y estirar t\u00e9cnicas en la cabeza, brazos, piernas \/ pies y espalda. En el primer y \u00faltimo d\u00eda del estudio, las mujeres fueron evaluadas en (1) medidas de efectos inmediatos de ansiedad, estado de \u00e1nimo deprimido y vigor y (2) efectos a largo plazo en depresi\u00f3n, ansiedad y hostilidad, funcionamiento, imagen corporal y evitaci\u00f3n versus un estilo de afrontamiento intrusivo, adem\u00e1s de las catecolaminas urinarias (noradrenalina, epinefrina y dopamina) y los niveles de serotonina. Un subconjunto de 27 mujeres (n = 15 masajes) se extrajo sangre para analizar las medidas inmunes.<\/p>\n\n\n\n<p><\/p>\n\n\n\n<p class=\"has-xx-large-font-size\"><strong>RESULTADOS<\/strong><\/p>\n\n\n\n<p>Los efectos inmediatos de la terapia de masaje incluyeron un reducci\u00f3n en la ansiedad, la depresi\u00f3n y el enojo. Los efectos del masaje a largo plazo incluyeron una reducci\u00f3n en la depresi\u00f3n y hostilidad y aumento de la dopamina urinaria, valores de serotonina, n\u00famero de c\u00e9lulas NK y linfocitos.<\/p>\n\n\n\n<p><\/p>\n\n\n\n<p class=\"has-xx-large-font-size\"><strong>CONCLUSIONES<\/strong><\/p>\n\n\n\n<p>Las mujeres con c\u00e1ncer de mama en etapa 1 y 2 pueden beneficiarse de la terapia de masaje tres veces por semana para mejorar su estado de animo, la ansiedad y la ira, y para aumentar el n\u00famero de linfocitos, la cantidad de c\u00e9lulas NK y dopamina.<\/p>\n\n\n\n<p><\/p>\n","protected":false},"excerpt":{"rendered":"<p>EL EFECTO DEL MASAJE SOBRE LA FUNCION INMUNE Y EL ESTRES EN MUJERES CON CANCER DE MAMA: UN ENSAYO CONTROLADO ALEATORIO. Billhult A1, Lindholm C, Gunnarsson R, Stener-Victorin E. Instituto de Neurociencia y Fisiolog\u00eda \/ Fisioterapia, Academia Sahlgrenska de la Universidad de Gotemburgo, Gotemburgo, Suecia. annika.billhult@vgregion.se OBJETIVOS Examinar los efectos a corto plazo del masaje [&hellip;]<\/p>\n","protected":false},"author":1,"featured_media":0,"parent":0,"menu_order":0,"comment_status":"closed","ping_status":"closed","template":"","meta":{"footnotes":""},"class_list":["post-86","page","type-page","status-publish","hentry"],"_links":{"self":[{"href":"https:\/\/oncomasaje.com\/index.php?rest_route=\/wp\/v2\/pages\/86","targetHints":{"allow":["GET"]}}],"collection":[{"href":"https:\/\/oncomasaje.com\/index.php?rest_route=\/wp\/v2\/pages"}],"about":[{"href":"https:\/\/oncomasaje.com\/index.php?rest_route=\/wp\/v2\/types\/page"}],"author":[{"embeddable":true,"href":"https:\/\/oncomasaje.com\/index.php?rest_route=\/wp\/v2\/users\/1"}],"replies":[{"embeddable":true,"href":"https:\/\/oncomasaje.com\/index.php?rest_route=%2Fwp%2Fv2%2Fcomments&post=86"}],"version-history":[{"count":2,"href":"https:\/\/oncomasaje.com\/index.php?rest_route=\/wp\/v2\/pages\/86\/revisions"}],"predecessor-version":[{"id":95,"href":"https:\/\/oncomasaje.com\/index.php?rest_route=\/wp\/v2\/pages\/86\/revisions\/95"}],"wp:attachment":[{"href":"https:\/\/oncomasaje.com\/index.php?rest_route=%2Fwp%2Fv2%2Fmedia&parent=86"}],"curies":[{"name":"wp","href":"https:\/\/api.w.org\/{rel}","templated":true}]}}